{"id":192,"date":"2023-06-18T21:33:08","date_gmt":"2023-06-18T19:33:08","guid":{"rendered":"https:\/\/studioconcadoro.com\/?page_id=192"},"modified":"2025-04-28T09:44:55","modified_gmt":"2025-04-28T07:44:55","slug":"massimo-stanzione","status":"publish","type":"page","link":"https:\/\/studioconcadoro.com\/?page_id=192","title":{"rendered":"Massimo Stanzione"},"content":{"rendered":"\n<div class=\"wp-block-buttons is-layout-flex wp-block-buttons-is-layout-flex\"><\/div>\n\n\n\n<p><\/p>\n\n\n\n<div class=\"wp-block-media-text is-stacked-on-mobile\" style=\"grid-template-columns:46% auto\"><figure class=\"wp-block-media-text__media\"><img loading=\"lazy\" decoding=\"async\" width=\"140\" height=\"140\" src=\"http:\/\/studioconcadoro.com\/wp-content\/uploads\/2023\/07\/Mekelle.jpeg\" alt=\"\" class=\"wp-image-366 size-full\"\/><\/figure><div class=\"wp-block-media-text__content\">\n<p>Massimo Stanzione \u00e8 nato a Roma nel 1963. Ha conseguito la maturit\u00e0 scientifica presso il Liceo &#8220;Augusto Righi&#8221; nel 1982. S\u00ec \u00e8 laureato in Medicina e Chirurgia nel 1991 presso l&#8217;Universit\u00e0 di Roma &#8220;La Sapienza&#8221; con il massimo dei voti e la lode. Si \u00e8 laureato nel 1998 anche in Odontoiatria e Protesi Dentaria, sempre presso l&#8217;Universit\u00e0 di Roma &#8220;La Sapienza&#8221;. Nel 2001 ha conseguito la specializzazione presso il corso di formazione in Medicina Generale presso la ASL RMA.<br>Nel 2002 ha fondato insieme a altri colleghi la Societ\u00e0 Italiana Maxillo Odontostomatologica (S.I.M.O), dove ricopre tuttora la carica di Direttore Organizzativo; in questa Societ\u00e0 ha organizzato decine di corsi\/convegni sia in Italia che all&#8217;estero. Membro attivo della Protezione Civile Nazionale ha partecipato ai soccorsi nell&#8217;emergenza sismica del 2009 in Abruzzo e ha partecipato, nello staff sanitario, al G8 del 2009 tenutosi a L&#8217;Aquila.<br>Inoltre ha organizzato, sempre per conto della SIMO, diverse missioni umanitarie in Africa (Mali, Uganda, Etiopia), prendendo parte direttamente a due missioni nel 2011 recandosi presso l&#8217; Ayder Referral Hospital di Mekelle, Tigray, Etiopia, dove la S.I.M.O. ha fondato il reparto di Odontostomatologia<br>Presso lo Studio Medico &#8220;Conca d&#8217;Oro&#8221; si occupa della amministrazione dello Studio stesso e esercita sia come Medico di Medicina Generale convenzionato ASL, sia come specialista Odontoiatra<\/p>\n\n\n\n<p><\/p>\n\n\n\n<p><\/p>\n\n\n\n<p><\/p>\n<\/div><\/div>\n\n\n\n<div class=\"wp-block-buttons is-layout-flex wp-block-buttons-is-layout-flex\"><\/div>\n\n\n\n<div class=\"wp-block-columns is-layout-flex wp-container-core-columns-is-layout-9d6595d7 wp-block-columns-is-layout-flex\">\n<div class=\"wp-block-column is-layout-flow wp-block-column-is-layout-flow\">\n<figure class=\"wp-block-table\"><table><tbody><tr><td><\/td><td class=\"has-text-align-center\" data-align=\"center\">Riceve  <strong>PER APPUNTAMENTO<\/strong><\/td><\/tr><tr><td>Luned\u00ec<\/td><td class=\"has-text-align-center\" data-align=\"center\">10:00 &#8211; 13:00<\/td><\/tr><tr><td>Marted\u00ec<\/td><td class=\"has-text-align-center\" data-align=\"center\">16:30 &#8211; 18:30 (presso la ASL in via Lampedusa 23)<\/td><\/tr><tr><td>Mercoled\u00ec<\/td><td class=\"has-text-align-center\" data-align=\"center\">10:00 &#8211; 13:00<\/td><\/tr><tr><td>Gioved\u00ec<\/td><td class=\"has-text-align-center\" data-align=\"center\">15:30 &#8211; 18:30<\/td><\/tr><tr><td>Venerd\u00ec<\/td><td class=\"has-text-align-center\" data-align=\"center\">10:00 &#8211; 13:00<\/td><\/tr><\/tbody><\/table><\/figure>\n<\/div>\n\n\n\n<div class=\"wp-block-column is-layout-flow wp-block-column-is-layout-flow\">\n<div class=\"wp-block-buttons alignfull is-content-justification-center is-layout-flex wp-container-core-buttons-is-layout-062f0008 wp-block-buttons-is-layout-flex\">\n<div class=\"wp-block-button\"><a class=\"wp-block-button__link wp-element-button\" href=\"https:\/\/studioconcadoro.com\/?page_id=427\/?your-subject=RIcette\">Richiesta prescrizioni online<\/a><\/div>\n<\/div>\n<\/div>\n<\/div>\n","protected":false},"excerpt":{"rendered":"<p>Massimo Stanzione \u00e8 nato a Roma nel 1963. Ha conseguito la maturit\u00e0 scientifica presso il Liceo &#8220;Augusto Righi&#8221; nel 1982.<span class=\"more-dots\">&#8230;<\/span><\/p>\n","protected":false},"author":1,"featured_media":0,"parent":189,"menu_order":0,"comment_status":"closed","ping_status":"closed","template":"","meta":{"footnotes":""},"class_list":["post-192","page","type-page","status-publish","hentry","no-post-thumbnail"],"yoast_head":"<!-- This site is optimized with the Yoast SEO plugin v25.6 - https:\/\/yoast.com\/wordpress\/plugins\/seo\/ -->\n<title>Massimo Stanzione - Studio Medico Polispecialistico &quot;Conca d&#039;Oro&quot; - Roma<\/title>\n<meta name=\"description\" content=\"Massimo Stanzione Medico di Medicina Generale, Odontoiatra\" \/>\n<meta name=\"robots\" content=\"index, follow, max-snippet:-1, max-image-preview:large, max-video-preview:-1\" \/>\n<link rel=\"canonical\" href=\"https:\/\/studioconcadoro.com\/?page_id=192\" \/>\n<meta property=\"og:locale\" content=\"en_US\" \/>\n<meta property=\"og:type\" content=\"article\" \/>\n<meta property=\"og:title\" content=\"Massimo Stanzione - Studio Medico Polispecialistico &quot;Conca d&#039;Oro&quot; - Roma\" \/>\n<meta property=\"og:description\" content=\"Massimo Stanzione Medico di Medicina Generale, Odontoiatra\" \/>\n<meta property=\"og:url\" content=\"https:\/\/studioconcadoro.com\/?page_id=192\" \/>\n<meta property=\"og:site_name\" content=\"Studio Medico Polispecialistico &quot;Conca d&#039;Oro&quot; - Roma\" \/>\n<meta property=\"article:modified_time\" content=\"2025-04-28T07:44:55+00:00\" \/>\n<meta property=\"og:image\" content=\"https:\/\/studioconcadoro.com\/wp-content\/uploads\/2023\/07\/Mekelle.jpeg\" \/>\n\t<meta property=\"og:image:width\" content=\"140\" \/>\n\t<meta property=\"og:image:height\" content=\"140\" \/>\n\t<meta property=\"og:image:type\" content=\"image\/jpeg\" \/>\n<meta name=\"twitter:card\" content=\"summary_large_image\" \/>\n<meta name=\"twitter:label1\" content=\"Est. reading time\" \/>\n\t<meta name=\"twitter:data1\" content=\"2 minutes\" \/>\n<script type=\"application\/ld+json\" class=\"yoast-schema-graph\">{\"@context\":\"https:\/\/schema.org\",\"@graph\":[{\"@type\":\"WebPage\",\"@id\":\"https:\/\/studioconcadoro.com\/?page_id=192\",\"url\":\"https:\/\/studioconcadoro.com\/?page_id=192\",\"name\":\"Massimo Stanzione - Studio Medico Polispecialistico &quot;Conca d&#039;Oro&quot; - Roma\",\"isPartOf\":{\"@id\":\"https:\/\/studioconcadoro.com\/#website\"},\"primaryImageOfPage\":{\"@id\":\"https:\/\/studioconcadoro.com\/?page_id=192#primaryimage\"},\"image\":{\"@id\":\"https:\/\/studioconcadoro.com\/?page_id=192#primaryimage\"},\"thumbnailUrl\":\"http:\/\/studioconcadoro.com\/wp-content\/uploads\/2023\/07\/Mekelle.jpeg\",\"datePublished\":\"2023-06-18T19:33:08+00:00\",\"dateModified\":\"2025-04-28T07:44:55+00:00\",\"description\":\"Massimo Stanzione Medico di Medicina Generale, Odontoiatra\",\"breadcrumb\":{\"@id\":\"https:\/\/studioconcadoro.com\/?page_id=192#breadcrumb\"},\"inLanguage\":\"en-US\",\"potentialAction\":[{\"@type\":\"ReadAction\",\"target\":[\"https:\/\/studioconcadoro.com\/?page_id=192\"]}]},{\"@type\":\"ImageObject\",\"inLanguage\":\"en-US\",\"@id\":\"https:\/\/studioconcadoro.com\/?page_id=192#primaryimage\",\"url\":\"http:\/\/studioconcadoro.com\/wp-content\/uploads\/2023\/07\/Mekelle.jpeg\",\"contentUrl\":\"http:\/\/studioconcadoro.com\/wp-content\/uploads\/2023\/07\/Mekelle.jpeg\"},{\"@type\":\"BreadcrumbList\",\"@id\":\"https:\/\/studioconcadoro.com\/?page_id=192#breadcrumb\",\"itemListElement\":[{\"@type\":\"ListItem\",\"position\":1,\"name\":\"Home\",\"item\":\"https:\/\/studioconcadoro.com\/\"},{\"@type\":\"ListItem\",\"position\":2,\"name\":\"Medicina Generale\",\"item\":\"https:\/\/studioconcadoro.com\/?page_id=189\"},{\"@type\":\"ListItem\",\"position\":3,\"name\":\"Massimo Stanzione\"}]},{\"@type\":\"WebSite\",\"@id\":\"https:\/\/studioconcadoro.com\/#website\",\"url\":\"https:\/\/studioconcadoro.com\/\",\"name\":\"Studio Medico Polispecialistico &quot;Conca d&#039;Oro&quot; - Roma\",\"description\":\"\",\"potentialAction\":[{\"@type\":\"SearchAction\",\"target\":{\"@type\":\"EntryPoint\",\"urlTemplate\":\"https:\/\/studioconcadoro.com\/?s={search_term_string}\"},\"query-input\":{\"@type\":\"PropertyValueSpecification\",\"valueRequired\":true,\"valueName\":\"search_term_string\"}}],\"inLanguage\":\"en-US\"}]}<\/script>\n<!-- \/ Yoast SEO plugin. -->","yoast_head_json":{"title":"Massimo Stanzione - Studio Medico Polispecialistico &quot;Conca d&#039;Oro&quot; - Roma","description":"Massimo Stanzione Medico di Medicina Generale, Odontoiatra","robots":{"index":"index","follow":"follow","max-snippet":"max-snippet:-1","max-image-preview":"max-image-preview:large","max-video-preview":"max-video-preview:-1"},"canonical":"https:\/\/studioconcadoro.com\/?page_id=192","og_locale":"en_US","og_type":"article","og_title":"Massimo Stanzione - Studio Medico Polispecialistico &quot;Conca d&#039;Oro&quot; - Roma","og_description":"Massimo Stanzione Medico di Medicina Generale, Odontoiatra","og_url":"https:\/\/studioconcadoro.com\/?page_id=192","og_site_name":"Studio Medico Polispecialistico &quot;Conca d&#039;Oro&quot; - Roma","article_modified_time":"2025-04-28T07:44:55+00:00","og_image":[{"width":140,"height":140,"url":"https:\/\/studioconcadoro.com\/wp-content\/uploads\/2023\/07\/Mekelle.jpeg","type":"image\/jpeg"}],"twitter_card":"summary_large_image","twitter_misc":{"Est. reading time":"2 minutes"},"schema":{"@context":"https:\/\/schema.org","@graph":[{"@type":"WebPage","@id":"https:\/\/studioconcadoro.com\/?page_id=192","url":"https:\/\/studioconcadoro.com\/?page_id=192","name":"Massimo Stanzione - Studio Medico Polispecialistico &quot;Conca d&#039;Oro&quot; - Roma","isPartOf":{"@id":"https:\/\/studioconcadoro.com\/#website"},"primaryImageOfPage":{"@id":"https:\/\/studioconcadoro.com\/?page_id=192#primaryimage"},"image":{"@id":"https:\/\/studioconcadoro.com\/?page_id=192#primaryimage"},"thumbnailUrl":"http:\/\/studioconcadoro.com\/wp-content\/uploads\/2023\/07\/Mekelle.jpeg","datePublished":"2023-06-18T19:33:08+00:00","dateModified":"2025-04-28T07:44:55+00:00","description":"Massimo Stanzione Medico di Medicina Generale, Odontoiatra","breadcrumb":{"@id":"https:\/\/studioconcadoro.com\/?page_id=192#breadcrumb"},"inLanguage":"en-US","potentialAction":[{"@type":"ReadAction","target":["https:\/\/studioconcadoro.com\/?page_id=192"]}]},{"@type":"ImageObject","inLanguage":"en-US","@id":"https:\/\/studioconcadoro.com\/?page_id=192#primaryimage","url":"http:\/\/studioconcadoro.com\/wp-content\/uploads\/2023\/07\/Mekelle.jpeg","contentUrl":"http:\/\/studioconcadoro.com\/wp-content\/uploads\/2023\/07\/Mekelle.jpeg"},{"@type":"BreadcrumbList","@id":"https:\/\/studioconcadoro.com\/?page_id=192#breadcrumb","itemListElement":[{"@type":"ListItem","position":1,"name":"Home","item":"https:\/\/studioconcadoro.com\/"},{"@type":"ListItem","position":2,"name":"Medicina Generale","item":"https:\/\/studioconcadoro.com\/?page_id=189"},{"@type":"ListItem","position":3,"name":"Massimo Stanzione"}]},{"@type":"WebSite","@id":"https:\/\/studioconcadoro.com\/#website","url":"https:\/\/studioconcadoro.com\/","name":"Studio Medico Polispecialistico &quot;Conca d&#039;Oro&quot; - Roma","description":"","potentialAction":[{"@type":"SearchAction","target":{"@type":"EntryPoint","urlTemplate":"https:\/\/studioconcadoro.com\/?s={search_term_string}"},"query-input":{"@type":"PropertyValueSpecification","valueRequired":true,"valueName":"search_term_string"}}],"inLanguage":"en-US"}]}},"_links":{"self":[{"href":"https:\/\/studioconcadoro.com\/index.php?rest_route=\/wp\/v2\/pages\/192","targetHints":{"allow":["GET"]}}],"collection":[{"href":"https:\/\/studioconcadoro.com\/index.php?rest_route=\/wp\/v2\/pages"}],"about":[{"href":"https:\/\/studioconcadoro.com\/index.php?rest_route=\/wp\/v2\/types\/page"}],"author":[{"embeddable":true,"href":"https:\/\/studioconcadoro.com\/index.php?rest_route=\/wp\/v2\/users\/1"}],"replies":[{"embeddable":true,"href":"https:\/\/studioconcadoro.com\/index.php?rest_route=%2Fwp%2Fv2%2Fcomments&post=192"}],"version-history":[{"count":21,"href":"https:\/\/studioconcadoro.com\/index.php?rest_route=\/wp\/v2\/pages\/192\/revisions"}],"predecessor-version":[{"id":638,"href":"https:\/\/studioconcadoro.com\/index.php?rest_route=\/wp\/v2\/pages\/192\/revisions\/638"}],"up":[{"embeddable":true,"href":"https:\/\/studioconcadoro.com\/index.php?rest_route=\/wp\/v2\/pages\/189"}],"wp:attachment":[{"href":"https:\/\/studioconcadoro.com\/index.php?rest_route=%2Fwp%2Fv2%2Fmedia&parent=192"}],"curies":[{"name":"wp","href":"https:\/\/api.w.org\/{rel}","templated":true}]}}